 + 3. Suppose y*w = w + 16. Calculate the remainder when w is divided by 9.
7
Let a(j) = -j**3 + 2*j**2 + 2*j - 2. Let m = -23 + 11. Calculate the remainder when ((-8)/m)/(2/84) is divided by a(-2).
8
Suppose 3*x - 71 = -4*h + 83, -2*x + 131 = -3*h. Let d = -17 + x. Calculate the remainder when d is divided by 21.
20
What is the remainder when 32 is divided by -3 + (2 - -2) - -17?
14
Let l = -1 - -4. Suppose -b = -l*x + 2*b - 3, 2*x + 1 = b. Let p = 1 - x. Calculate the remainder when 2 is divided by p.
0
Suppose 8 = -5*x + 63. What is the remainder when x is divided by 4 - (0 + -4 + 4)?
3
Suppose -k - 6 = -20. Suppose 3*u - k = u. Suppose 3*o = 197 + u. What is the remainder when o is divided by 23?
22
Let q(c) = -c**3 + 8*c**2 - 3*c - 4. Let b be (0 - (-2)/4)*6. What is the remainder when q(b) is divided by 11?
10
Let t(p) = -p**3 + 6*p**2 - 3*p + 2. Suppose -3*j + 8*j - 20 = 0. Let a = j + -1. Calculate the remainder when t(a) is divided by 11.
9
Suppose -4*p + 81 - 1 = 0. What is the remainder when 38 is divided by p?
18
Let f = -33 - -39. Calculate the remainder when 10 is divided by f.
4
Suppose -5*w + 6 = -19. What is the remainder when 19 is divided by w?
4
Suppose -6 = -6*t + t + 2*f, -3*t - f - 3 = 0. Suppose t = -4*x + 3 + 1. Calculate the remainder when x is divided by 1.
0
Suppose 10 = -4*h - 3*q + 38, -3*q + 8 = -h. Suppose 0 = h*t + k + k - 156, 189 = 5*t + 4*k. Calculate the remainder when t is divided by 22.
19
Let w(n) = 3*n**2 - 5*n + 6. Let d(b) = -8*b**2 + 15*b - 17. Let q(i) = -4*d(i) - 11*w(i). What is the remainder when 2 is divided by q(-5)?
0
Let c = -12 + 6. Let k = c - -11. What is the remainder when k is divided by 2?
1
Suppose 2*a + 3*v + 129 = 5*a, -2*v = -3*a + 134. Calculate the remainder when a is divided by 26.
22
Let c = 124 + -92. Calculate the remainder when c is divided by 20.
12
Let k = 30 - 17. Suppose -k = -5*i + 7. Suppose -i*p - o + 15 + 50 = 0, -p + 5*o + 11 = 0. Calculate the remainder when 62 is divided by p.
14
Let s(q) = -q**3 - 17*q**2 + 16*q - 23. Calculate the remainder when 24 is divided by s(-18).
11
Let j(d) = 3*d - 4. Let s be j(-8). Let o = -20 - s. Let p(z) = z**3 - 4. Calculate the remainder when p(3) is divided by o.
7
Let y = 38 - 12. What is the remainder when y is divided by 7?
5
Let g be (3 - 3)/(1 + -3). Suppose -2*z + 6*z - 108 = g. Calculate the remainder when z is divided by 10.
7
Let w(t) = -t**2 + 10*t - 11. Let y(l) = l**3 - 5*l**2 + 5*l - 6. What is the remainder when y(5) is divided by w(7)?
9
Let s = -1 - -5. Let p be (6 + -3)*3/1. Let r = p - -2. Calculate the remainder when r is divided by s.
3
Let d(y) = 2*y - 1. Suppose 5*k - k = -5*s + 19, -3*k - 26 = -2*s. Calculate the remainder when d(s) is divided by 3.
1
Suppose d - 73 = -2*z, 0*z + 2*z - 76 = -2*d. Suppose 2*l - 52 = -16. What is the remainder when z is divided by l?
17
Suppose 0 = 2*z - 34 + 12. What is the remainder when 30 is divided by z?
8
Let l(n) = n + 7. Let g be l(-5). Suppose 0*p = g*p - 62. Calculate the remainder when p is divided by 13*1 - (3 + -1).
9
Suppose -2 + 20 = 2*l. Suppose 62 + 148 = 3*j. Suppose 5*z - i = 55 + j, -i = -4*z + 99. What is the remainder when z is divided by l?
8
Let h be (5 + 1/1)/(-1). Let b(r) = r**3 + 5*r**2 - 8*r - 8. Let j be b(h). Suppose i - 125 = -j*i. What is the remainder when i is divided by 9?
7
Let p(x) = x + 1. Calculate the remainder when 36 is divided by p(12).
10
Suppose 4*m = -m + 3*f + 282, -5*f + 233 = 4*m. What is the remainder when m is divided by 15?
12
Suppose -74 = 8*z - 234. Let m = 1 - 1. Calculate the remainder when ((1 - m) + 0)*38 is divided by z.
18
Let p(y) = -2*y - 5. Let m be p(-4). Let g be 4 + (0 - (-1 + 0)). Suppose m*b = g*b - 46. What is the remainder when b is divided by 8?
7
Suppose -2*o = o. Calculate the remainder when 110/3 + (-2)/(-6) is divided by (14 - 1) + o + 0.
11
Let s(f) = -3*f**3 - 2*f**2 - 1. Let n = 1 - -12. Suppose -k + n = 5*p, 0 = k + 2*k + 5*p - 9. Calculate the remainder when s(k) is divided by 8.
7
Let m(f) = -f**3 - 6*f**2 + 6*f - 4. Suppose 5*i - 10 = 2*u + 29, 3*i - 50 = 5*u. Let n(h) = -h - 2. What is the remainder when m(u) is divided by n(-3)?
0
Let b = 15 + -3. Calculate the remainder when 58 is divided by b.
10
Let u be 1/1 - (-3 - -3). Suppose 5*r + u = 156. What is the remainder when r is divided by 11?
9
Suppose -d - o = -0*o - 17, -o + 43 = 3*d. Let f = d - 11. Suppose f*i - i - 13 = 0. What is the remainder when i is divided by 8?
5
Let d(i) be the third derivative of -i**5/60 - 11*i**4/24 + i**3 + i**2. What is the remainder when d(-9) is divided by 13?
11
Suppose -d - 24 = -76. Suppose -46 = -5*k + 9. Calculate the remainder when d is divided by k.
8
Suppose -4*n + 4 = r - 3, r = -2*n + 7. Let g = 18 - r. Let u(m) = -m**2 - 12*m - 3. Calculate the remainder when u(-7) is divided by g.
10
Suppose -3*t = 2*t + 20. Let i = t + 13. Calculate the remainder when 34 is divided by i.
7
Let j be (-4)/16 + (-26)/(-8). Let i(w) = 3*w**2 + 2*w**j - 4*w**2 - 2*w + 6 - 3. What is the remainder when i(2) is divided by 6?
5
Let d(l) = 74*l + 1. Calculate the remainder when d(1) is divided by 16 + 4 + 0 + -1.
18
Suppose 0*g = 2*r + 2*g - 14, -2*r + g = -5. Suppose -r*s + 3 + 9 = 0. Suppose 0 = b - 4*b + 15. What is the remainder when b is divided by s?
2
Let z = 169 + -86. Suppose 2*m + 3 = -z. Let t = -25 - m. What is the remainder when 53 is divided by t?
17
Suppose 19 = 5*t - 4*t. What is the remainder when t is divided by 2/3 + (-56)/(-6)?
9
Let n = 35 - 13. Calculate the remainder when 86 is divided by n.
20
Let o(j) = 8*j**2 + 3*j. Let c be o(-4). Let y = c - 63. What is the remainder when y is divided by (-18)/27*(1 + -28)?
17
Let j = 42 - 7. What is the remainder when j is divided by ((-5)/3)/(1 - (-177)/(-162))?
17
Suppose 5*y - 7*y = -140. Calculate the remainder when y is divided by 24.
22
Let u(d) = 34*d**2 - 4*d - 3. What is the remainder when 138 is divided by u(-1)?
33
Calculate the remainder when (24 - 9/(-3)) + 0 is divided by 15.
12
Let z(d) = -10*d + 5. Calculate the remainder when z(-8) is divided by 22.
19
Let j be (-8)/4*31/2. Let g be (-1)/3 - 386/(-6). Let s = j + g. Calculate the remainder when s is divided by 17.
16
Calculate the remainder when -5 - (-35 + (-2)/2*1) is divided by (-1 + 2)*11*1.
9
Let n(y) = -28*y + 1. Let p be (6 - 0)*(2 + -1). Let o = p + 4. Calculate the remainder when n(-1) is divided by o.
9
Suppose -42 = 27*f - 29*f. Calculate the remainder when ((-3)/2)/((-2)/52) is divided by f.
18
Let h = -15 - -33. Calculate the remainder when 52 is divided by h.
16
What is the remainder when 34 is divided by 3*8/24 + (1 - -7)?
7
Let l = 14 + -9. Suppose -2*f = s - 39, 3*s - 102 + 7 = l*f. Suppose -2*x - s = -7*x. What is the remainder when 12 is divided by x?
5
Suppose 4*i + 0*i + 18 = d, 150 = 5*d - 5*i. Calculate the remainder when d is divided by 4.
2
Let n(s) = 7*s**2 + 4*s. What is the remainder when n(-3) is divided by 18?
15
Let g(n) = n**2 + 4*n - 1. Let y(o) = o**3 + 6*o**2 + 4*o - 3. Let a be y(-5). Let j(p) = 8*p**2 - p + 2. What is the remainder when j(a) is divided by g(-6)?
10
Let g be 4/20 + (-31)/5. Let j = g - -4. Calculate the remainder when 20 is divided by j/1 - (-12 + -1).
9
Let x(n) = -n**3 - 6*n**2 + 5*n - 9. Calculate the remainder when 39 is divided by x(-7).
4
Suppose 4*b = 5*o + 28, -2*b + 7*b - 4*o = 26. What is the remainder when 2 is divided by b?
0
Let n(c) = 6*c**2 - 1. Let l be n(-2). Let r = -16 + l. Calculate the remainder when 18 is divided by r.
4
Suppose -f - s + 23 = 0, 2*f + 2*f - 84 = -2*s. Calculate the remainder when f is divided by 1 - 13/(52/(-40)).
8
Suppose 0 = 3*u - 2*s - 2, 4*u - 2*s + 0 = 2. Suppose u = 2*m - m - 54. What is the remainder when m is divided by 11?
10
Let w(x) = x**2 + 2*x - 6. Let n be w(5). Let s = n - 9. What is the remainder when s is divided by 11?
9
Let a = 204 - 74. What is the remainder when a is divided by 33?
31
Suppose -20 - 24 = -2*c. Calculate the remainder when 85 is divided by c.
19
Let a = 4 + -4. Suppose a = 2*i + 4 - 2. Calculate the remainder when (2 - 16*4)/i is divided by 21.
20
Suppose 4*h + 10 = 2*g, -25 = -g - 2*h - h. Suppose -10*f + 4*f + 138 = 0. Calculate the remainder when f is divid